- 13 = 0, 41*v - 41*v + 6 = f. Let w(m) = -7*m**2 - 8*m + 7. Let a(u) = -10*u**2 - 12*u + 10. Let x(n) = -5*a(n) + 7*w(n). Determine x(v).
4
Let j(z) be the third derivative of 0*z**3 + 0 - 55*z**2 + 1/60*z**5 - 2*z + 1/4*z**4. Calculate j(-6).
0
Let f = 2730 - 2720. Let t(c) be the third derivative of -1/3*c**3 + 0*c - 1/24*c**4 - f*c**2 + 0. What is t(-4)?
2
Let m(n) = n**2 + 9*n + 10. Let i(o) = 20*o - 1. Let b be i(4). Let h = 73 - b. Give m(h).
-8
Let s(j) = -j**3 + j + 31. Suppose 0 = -20*h - 19*h - 51*h. Calculate s(h).
31
Suppose 0 = 4*q - 0*u + 4*u - 36, -3*q + 35 = u. Let y(p) = p + 6*p**2 + 2*p + 109*p**3 + 1 - q*p**2 - 108*p**3 + 6. What is y(6)?
-11
Let u = -6198 - -6186. Let s(q) = -q**3 - 13*q**2 - 10*q + 20. Determine s(u).
-4
Let n(w) = 2*w - 42. Let t be 362/20 - -1 - 23/230. What is n(t)?
-4
Let z(i) = -107 - 7*i - 4*i + 8*i - 18*i + 110. Determine z(2).
-39
Let j(r) be the third derivative of -r**6/120 - r**5/12 + r**4/4 - 2*r**3/3 - 1125*r**2 - 2. Let x = 3 - 9. Give j(x).
-4
Let j(i) = -i**2 + 6*i + 6. Suppose 26*z + 92 - 14 = 0. Let q = -104 + 56. Let l be (10/z)/(32/q). Calculate j(l).
11
Let t(j) = -j**3 + 10*j**2 + 3*j - 5. Let w(a) = 6*a**2 + 22*a - 62. Let r be w(6). Suppose -34*f + 54 = -r. Determine t(f).
25
Suppose -5*z + 3*p = -12, 5*p + 20 = -2*z + 6*z. Suppose z = -4*c + s - 41, -3*s = c - 8*s + 15. Let a(x) = x**3 + 11*x**2 + 10*x + 5. Calculate a(c).
5
Let p(s) = s**2 - s - 2. Let k(j) = 3*j**2 + 0*j + 2*j - 5*j**2 + 3. Let n(i) = -2*k(i) - 3*p(i). Let v = -119697 - -119697. Calculate n(v).
0
Let x be 4/(-4) + (0 - -2). Suppose 14 = 8*d - 10. Let w(s) = -2572*s**2 + 4*s**d + 2572*s**2 - 1. Calculate w(x).
3
Suppose -58167*j = -58130*j + 185. Let f(x) = -x**3 - x. Let b(g) = -6*g**3 - 5*g**2 + 2*g + 1. Let v(z) = b(z) - 5*f(z). What is v(j)?
-34
Let j(c) = -100*c**2 - 27*c + 7. Let q(k) = -23*k**2 - 7*k + 1. Let p(r) = 3*j(r) - 13*q(r). What is p(10)?
8
Let h(o) = -2*o**2 + 100*o - 626. Let i be h(7). Let r(k) = -k**3 - 21*k**2 + 71*k + 16. Calculate r(i).
40
Let x(g) = -g**2 - 9*g - 33. Let z be (376/(-96))/(6/8) - 184/(-828). Give x(z).
-13
Let z be 90/20*16/3. Let a(w) = 18 + z - 59 - w. Determine a(-12).
-5
Let y(g) = -3*g**2 - 136*g + 5. Let z(i) = 4*i**2 + 192*i - 7. Let r(q) = 7*y(q) + 5*z(q). Suppose -3*b - 16 - 26 = -4*o, 5*o + 5*b - 35 = 0. Calculate r(o).
-9
Let j be (63/(-9) - 5) + 12 - 1. Let o(d) = 11*d**3 - 1. Determine o(j).
-12
Let c(p) be the third derivative of p**7/840 - p**5/15 + p**4/8 - 24*p**3 - 12*p**2 + 5*p. Let l(m) be the first derivative of c(m). Give l(3).
6
Let a(q) = -13*q**2 - 16*q - 17. Let l be a(-1). Let s(c) = c**3 + 15*c**2 + 14*c - 6. Let r be s(l). Let i(f) = 2*f**2 + 7*f + 4. Give i(r).
34
Let n(t) = -t**2 - 7*t + 18. Let o be (20/(-50))/((-12)/60) - (1 - 3). What is n(o)?
-26
Let o be (-72)/(-54) - (-662)/(-6). Let j = 114 + o. Let n(r) = -r**2 + 4*r. Calculate n(j).
-5
Let t(f) = f**3 + 9*f**2 - 12*f - 15. Let h be t(-10). Suppose 5*x + h = -d - 3, 4*x + d = -6. Let s(y) = 2*y**2 + 6*y + 5. Determine s(x).
1
Suppose 16*n = 23*n - 595. Let f(k) = -171*k - k**2 + 85*k + n*k + 12. Calculate f(-4).
0
Let w(j) = -j - 9. Let y be w(-6). Let o be y/(-18) + (-422)/12. Let m be -2 + 3*o/(-15). Let p(x) = x**3 - 6*x**2 + 5*x - 2. Give p(m).
-2
Let f(z) = -z**2 - 3*z. Let m(d) = 5*d**2 + 13*d + 1. Let r(t) = -9*f(t) - 2*m(t). Let i(u) = u**2 - u + 2. Let j(k) = -6*i(k) - 5*r(k). What is j(3)?
-8
Let p(s) = s**2 - 7*s - 2. Let d be p(9). Let f(t) = t**2 - 16*t + 16. Let n be f(d). Suppose -n*h = -20*h + 12. Let g(m) = m**3 - 3*m**2 + 3*m + 2. Give g(h).
11
Let a(s) = -6*s**3 - s**2 - s - 1. Let z(q) = q**3 - q**2 - 2*q + 4. Let w be z(0). Suppose -w*l + 4 = 4*m, -3*m + 4*m = -4*l - 2. Give a(l).
5
Let i(x) = -42*x - 457. Let g be i(-11). Let c(l) = -9*l + 22. Let h = 11 + -4. Let j(w) = 3*w - 7. Let v(m) = h*j(m) + 2*c(m). Give v(g).
10
Let g(c) be the third derivative of 31*c**4/8 + 4*c**3/3 + 1565*c**2. What is g(-1)?
-85
Let f(v) = 27*v + 122. Let h be f(0). Let r(x) = 20 - 77*x**3 - 11*x**2 - h*x**3 + 14*x + 198*x**3. What is r(-12)?
-4
Let x(f) be the first derivative of -f**7/840 - f**6/45 - f**5/20 + 7*f**4/24 - 11*f**3/3 - f**2 - 142. Let u(m) be the third derivative of x(m). Give u(-7).
0
Let v be 27/((-1134)/(-21))*3*(-8)/(-6). Let a(y) be the third derivative of 5/6*y**3 + 0 - 7/24*y**4 + 0*y - 1/60*y**5 + 18*y**v. Determine a(-4).
17
Let j = 79 + -85. Let h(f) be the first derivative of -f**4/4 - 2*f**3 + f**2 + f - 611. Determine h(j).
-11
Suppose -3*s + 4*s = 2*s. Let a = s + 4. Suppose 0 = -5*z + 10, -a*z + 3 = 5*g - 0*z. Let v(f) = -8*f**3 - 2*f**2 - 2*f - 1. Determine v(g).
7
Let j be ((-1)/3)/(7/3549). Let a = -160 - j. Let w(u) = -3*u + 21. What is w(a)?
-6
Let b(z) be the first derivative of 2 + 1/2*z**2 - 12*z. Suppose c = 4*u + 8 + 11, -2*c - 2*u = -8. Calculate b(c).
-5
Let y = 347 + -350. Let m = 1 + y. Let x(h) = -h**3 + 3*h + 2. Calculate x(m).
4
Suppose -3*c + 0*c + 46 = 4*f, 2*c + 5*f - 33 = 0. Suppose -60 = 24*n - c*n. Let b(y) = -3*y - 5. Determine b(n).
13
Let q be 4 - 3/((-3)/3). Let d(c) = -2*c + 31. Let a be d(q). Let b(v) = v - 18. Let f be b(a). Let x(w) = -2*w**2 + w + 1. What is x(f)?
-2
Let r(n) be the third derivative of -7*n**5/30 - 59*n**4/24 - 5*n**3/6 + 100*n**2 - 4*n. Calculate r(-4).
7
Let c(x) = 24*x**3 + 31*x**2 - 14*x + 27. Let w(z) = 11*z**3 + 15*z**2 - 7*z + 12. Let k(n) = -6*c(n) + 13*w(n). Calculate k(8).
2
Let o = 16 - 21. Let w = 5 + o. Let q(d) = 1 + 20 - 14 - 4*d + 3*d - d**2. What is q(w)?
7
Let c(s) be the first derivative of 2*s**3/3 + 5*s**2/2 + 11*s + 1679. Calculate c(-3).
14
Let v = 12730 - 12718. Let d(z) = -z**3 + 11*z**2 + 12*z - 10. Determine d(v).
-10
Let n(t) = -t + 1. Suppose 0 = 42*q - 13*q + 87. Let x(r) = 2*r + 6. Let v(j) = q*n(j) - x(j). Determine v(7).
-2
Suppose -s = -3*u + 13, -22*u + 17*u + 24 = -4*s. Suppose -u*w + 30 = 2*w. Let a(j) = j**3 - 4*j**2 - 7*j + 5. What is a(w)?
-5
Let p(k) be the second derivative of k**4/12 - k**3/6 + k**2/2 - 2*k + 56. Let t(i) = 8*i - 11. Let f(l) = -p(l) - t(l). Determine f(-8).
2
Let l(h) = 250664 - 501281 + 250654 - 8*h. Determine l(7).
-19
Let r(u) = -2*u**2 - 2*u - 2. Suppose 6*k + 31 + 41 = 0. Let g be 6 + (8/k - (-21)/(-9)). Suppose 0*z - 3 = -3*q - g*z, -z = -3. Determine r(q).
-6
Let o = 2213 - 2215. Let m(w) = 3*w - 4*w + 3*w + 5*w**2. Calculate m(o).
16
Let z be 77/63 + 2/(-9). Let t(i) be the second derivative of -i**4/2 - 2*i + 522. Give t(z).
-6
Let k = 944 - 951. Let i(a) = 9*a**3 - a**2 + 27*a - 2. Let g(p) = 5*p**3 + 14*p - 1. Let d(u) = -11*g(u) + 6*i(u). Give d(k).
-8
Let l(w) = 12*w + 3. Let v = 433 + -434. Calculate l(v).
-9
Let k be (340/24 - 14)*0. Let t(f) be the second derivative of -f**3/6 + 2*f**2 + 2*f. Calculate t(k).
4
Let u be (2/1)/((-21)/(-6)) + 13456/(-812). Let f(a) = a**3 + 15*a**2 - 18*a - 33. What is f(u)?
-1
Suppose 0 = 3*d - 12 + 3. Let h(a) = -4 + 0*a + a + d*a. Let u be -18*((-188)/36 + 20/4). Calculate h(u).
12
Let d(y) = 2*y + 16. Suppose 27 = 63*p + 531. Calculate d(p).
0
Let k(l) = -5*l**2 - 12*l - 6. Let g(m) = -327*m + 1 + 3*m**2 + 329*m + m**2 - 3*m**2. Let o(y) = -4*g(y) - k(y). What is o(-5)?
7
Let d(z) = 8*z - 2. Suppose -2*x + 6 = -0*x, 5*b - 5*x + 20 = 0. Let y be 10/(-4)*(-3 - -5) - b. Let r be 12/y*2/3. What is d(r)?
-18
Let h(c) = -2*c**2 - 31*c - 18. Let p be (-3)/((-7)/(-35)*(-3 + 4)). Let f be h(p). Let b(g) = g**2 + 4*g. Determine b(f).
-3
Let d(m) = 34*m + 11. Suppose 14*z + 70 = -31*z - 65. Determine d(z).
-91
Let q be 7 + 1/(-2)*(20 + -8). Suppose -7 = -5*l + 3. Let y(p) = -p**3 - l*p**3 + 2*p**2 + 1 - 2*p + p**3. Calculate y(q).
-1
Let c(g) be the third derivative of -10*g - g**2 + 0 + 1/24*g**4 + 1/6*g**3 - 23/60*g**5. Give c(-1).
-23
Let h be 3/2 + 990/44. Suppose h = 7*j - 10*j. Let g(s) = s**3 + 7*s**2 - 8*s + 9. Give g(j).
9
Let s(v) = -2*v**2 - 5*v - 4. Let t be 596/(-8)*(2 - (-6 + 10)). Let x = -152 + t. Determine s(x).
-7
Let j = -6 + 6. Let s(m) = m**2 - 9*m - 9. Let y be s(10). Let u(o) = -y + 13*o**3 + 2 - o**2 - o - 14*o**3. Give u(j).
1
Let v(i) = -i**2 - i + 8. Let w be ((-3)/6)/(0 - 2/8). Suppose 5*d + 3*a + 25 = w, 2*a - 6 = 2*d. Give v(d).
-4
Let r = -1 + 3. Let m(l) = -r*l - 4 + 0